{"id":87,"date":"2024-12-17T17:11:25","date_gmt":"2024-12-17T16:11:25","guid":{"rendered":"https:\/\/ubpbo.net\/procamqui\/?page_id=87"},"modified":"2024-12-20T19:00:34","modified_gmt":"2024-12-20T18:00:34","slug":"transparencia-institucional-y-lucha-contra-la-corrupcion","status":"publish","type":"page","link":"https:\/\/ubpbo.net\/procamqui\/transparencia-institucional\/transparencia-institucional-y-lucha-contra-la-corrupcion\/","title":{"rendered":"Transparencia Institucional y Lucha contra la Corrupci\u00f3n"},"content":{"rendered":"\t\t<div data-elementor-type=\"wp-page\" data-elementor-id=\"87\" class=\"elementor elementor-87\" data-elementor-settings=\"{&quot;ha_cmc_init_switcher&quot;:&quot;no&quot;}\" data-elementor-post-type=\"page\">\n\t\t\t\t<div class=\"elementor-element elementor-element-bb60d2c e-flex e-con-boxed e-con e-parent\" data-id=\"bb60d2c\" data-element_type=\"container\" data-settings=\"{&quot;background_background&quot;:&quot;classic&quot;,&quot;_ha_eqh_enable&quot;:false}\">\n\t\t\t\t\t<div class=\"e-con-inner\">\n\t\t\t\t\t<\/div>\n\t\t\t\t<\/div>\n\t\t<div class=\"elementor-element elementor-element-d47c772 e-con-full e-flex e-con e-parent\" data-id=\"d47c772\" data-element_type=\"container\" data-settings=\"{&quot;_ha_eqh_enable&quot;:false}\">\n\t\t<div class=\"elementor-element elementor-element-5e5a710 e-con-full e-flex e-con e-child\" data-id=\"5e5a710\" data-element_type=\"container\" data-settings=\"{&quot;sticky&quot;:&quot;top&quot;,&quot;_ha_eqh_enable&quot;:false,&quot;sticky_on&quot;:[&quot;desktop&quot;,&quot;tablet&quot;,&quot;mobile&quot;],&quot;sticky_offset&quot;:0,&quot;sticky_effects_offset&quot;:0,&quot;sticky_anchor_link_offset&quot;:0}\">\n\t\t\t\t<div class=\"elementor-element elementor-element-4c1ea18 elementor-align-right elementor-icon-list--layout-traditional elementor-list-item-link-full_width elementor-widget elementor-widget-icon-list\" data-id=\"4c1ea18\" data-element_type=\"widget\" data-widget_type=\"icon-list.default\">\n\t\t\t\t<div class=\"elementor-widget-container\">\n\t\t\t\t\t\t\t<ul class=\"elementor-icon-list-items\">\n\t\t\t\t\t\t\t<li class=\"elementor-icon-list-item\">\n\t\t\t\t\t\t\t\t\t\t\t<a href=\"https:\/\/ubpbo.net\/procamqui\/transparencia-institucional\/transparencia-institucional-y-lucha-contra-la-corrupcion\/\">\n\n\t\t\t\t\t\t\t\t\t\t\t<span class=\"elementor-icon-list-text\">Transparencia Institucional y Lucha contra la Corrupci\u00f3n<\/span>\n\t\t\t\t\t\t\t\t\t\t\t<\/a>\n\t\t\t\t\t\t\t\t\t<\/li>\n\t\t\t\t\t\t<\/ul>\n\t\t\t\t\t\t<\/div>\n\t\t\t\t<\/div>\n\t\t\t\t<\/div>\n\t\t<div class=\"elementor-element elementor-element-cf8653b e-con-full e-flex e-con e-child\" data-id=\"cf8653b\" data-element_type=\"container\" data-settings=\"{&quot;_ha_eqh_enable&quot;:false}\">\n\t\t\t\t<div class=\"elementor-element elementor-element-039ea30 elementor-widget elementor-widget-heading\" data-id=\"039ea30\" data-element_type=\"widget\" data-widget_type=\"heading.default\">\n\t\t\t\t<div class=\"elementor-widget-container\">\n\t\t\t\t\t<h2 class=\"elementor-heading-title elementor-size-default\">Convocatorias Actuales &amp; Historial<\/h2>\t\t\t\t<\/div>\n\t\t\t\t<\/div>\n\t\t\t\t<div class=\"elementor-element elementor-element-253335d elementor-widget-divider--view-line elementor-widget elementor-widget-divider\" data-id=\"253335d\" data-element_type=\"widget\" data-widget_type=\"divider.default\">\n\t\t\t\t<div class=\"elementor-widget-container\">\n\t\t\t\t\t\t\t<div class=\"elementor-divider\">\n\t\t\t<span class=\"elementor-divider-separator\">\n\t\t\t\t\t\t<\/span>\n\t\t<\/div>\n\t\t\t\t\t\t<\/div>\n\t\t\t\t<\/div>\n\t\t\t\t<div class=\"elementor-element elementor-element-d156f3e elementor-widget elementor-widget-text-editor\" data-id=\"d156f3e\" data-element_type=\"widget\" data-widget_type=\"text-editor.default\">\n\t\t\t\t<div class=\"elementor-widget-container\">\n\t\t\t\t\t\t\t\t\t<p>En PROCAMQUI, nos comprometemos con la transparencia institucional y la lucha activa contra la corrupci\u00f3n. Creemos que un gobierno transparente es fundamental para fortalecer la confianza de los ciudadanos y garantizar una gesti\u00f3n p\u00fablica eficiente, responsable y orientada al bienestar com\u00fan.<\/p><p>Para ello, implementamos pol\u00edticas claras y procedimientos rigurosos que aseguran que nuestras operaciones sean abiertas, accesibles y auditables. Nos aseguramos de que todos los recursos sean utilizados de manera eficiente y que cualquier acci\u00f3n relacionada con la toma de decisiones o el manejo de fondos p\u00fablicos est\u00e9 sujeta a revisi\u00f3n y control.<\/p><p><strong>Principales medidas para promover la transparencia:<\/strong><\/p><ul><li>Publicaci\u00f3n de informes de gesti\u00f3n y financieros de manera peri\u00f3dica.<\/li><li>Acceso p\u00fablico a los reglamentos, procesos y procedimientos de PROCAMQUI.<\/li><li>Mecanismos de denuncias y seguimiento para casos de corrupci\u00f3n o mal manejo de recursos.<\/li><li>Capacitaci\u00f3n continua en \u00e9tica y gobernanza para todos nuestros colaboradores.<\/li><\/ul><p>\u00a0<\/p><p>Este compromiso con la transparencia y la lucha contra la corrupci\u00f3n es clave para consolidar una gesti\u00f3n p\u00fablica confiable y fortalecer la institucionalidad en PROCAMQUI.<\/p>\t\t\t\t\t\t\t\t<\/div>\n\t\t\t\t<\/div>\n\t\t\t\t<div class=\"elementor-element elementor-element-6624a18 elementor-widget elementor-widget-heading\" data-id=\"6624a18\" data-element_type=\"widget\" data-widget_type=\"heading.default\">\n\t\t\t\t<div class=\"elementor-widget-container\">\n\t\t\t\t\t<h2 class=\"elementor-heading-title elementor-size-default\">INSERTAR IM\u00c1GENES DE RESPALDO<\/h2>\t\t\t\t<\/div>\n\t\t\t\t<\/div>\n\t\t\t\t<\/div>\n\t\t\t\t<\/div>\n\t\t\t\t<\/div>\n\t\t","protected":false},"excerpt":{"rendered":"<p>Transparencia Institucional y Lucha contra la Corrupci\u00f3n Convocatorias Actuales &amp; Historial En PROCAMQUI, nos comprometemos con la transparencia institucional y la lucha activa contra la corrupci\u00f3n. Creemos que un gobierno transparente es fundamental para fortalecer la confianza de los ciudadanos y garantizar una gesti\u00f3n p\u00fablica eficiente, responsable y orientada al bienestar com\u00fan. Para ello, implementamos [&hellip;]<\/p>\n","protected":false},"author":1,"featured_media":0,"parent":85,"menu_order":0,"comment_status":"closed","ping_status":"closed","template":"elementor_header_footer","meta":{"footnotes":""},"class_list":["post-87","page","type-page","status-publish","hentry"],"_links":{"self":[{"href":"https:\/\/ubpbo.net\/procamqui\/wp-json\/wp\/v2\/pages\/87","targetHints":{"allow":["GET"]}}],"collection":[{"href":"https:\/\/ubpbo.net\/procamqui\/wp-json\/wp\/v2\/pages"}],"about":[{"href":"https:\/\/ubpbo.net\/procamqui\/wp-json\/wp\/v2\/types\/page"}],"author":[{"embeddable":true,"href":"https:\/\/ubpbo.net\/procamqui\/wp-json\/wp\/v2\/users\/1"}],"replies":[{"embeddable":true,"href":"https:\/\/ubpbo.net\/procamqui\/wp-json\/wp\/v2\/comments?post=87"}],"version-history":[{"count":4,"href":"https:\/\/ubpbo.net\/procamqui\/wp-json\/wp\/v2\/pages\/87\/revisions"}],"predecessor-version":[{"id":396,"href":"https:\/\/ubpbo.net\/procamqui\/wp-json\/wp\/v2\/pages\/87\/revisions\/396"}],"up":[{"embeddable":true,"href":"https:\/\/ubpbo.net\/procamqui\/wp-json\/wp\/v2\/pages\/85"}],"wp:attachment":[{"href":"https:\/\/ubpbo.net\/procamqui\/wp-json\/wp\/v2\/media?parent=87"}],"curies":[{"name":"wp","href":"https:\/\/api.w.org\/{rel}","templated":true}]}}