{"id":69,"date":"2024-12-17T17:05:05","date_gmt":"2024-12-17T16:05:05","guid":{"rendered":"https:\/\/ubpbo.net\/procamqui\/?page_id=69"},"modified":"2024-12-20T18:08:16","modified_gmt":"2024-12-20T17:08:16","slug":"medios-disponibles-para-acceso-a-la-informacion","status":"publish","type":"page","link":"https:\/\/ubpbo.net\/procamqui\/informacion-de-gestion\/medios-disponibles-para-acceso-a-la-informacion\/","title":{"rendered":"Medios Disponibles para Acceso a la Informaci\u00f3n"},"content":{"rendered":"\t\t<div data-elementor-type=\"wp-page\" data-elementor-id=\"69\" class=\"elementor elementor-69\" data-elementor-settings=\"{&quot;ha_cmc_init_switcher&quot;:&quot;no&quot;}\" data-elementor-post-type=\"page\">\n\t\t\t\t<div class=\"elementor-element elementor-element-dacd51b e-flex e-con-boxed e-con e-parent\" data-id=\"dacd51b\" data-element_type=\"container\" data-settings=\"{&quot;background_background&quot;:&quot;classic&quot;,&quot;_ha_eqh_enable&quot;:false}\">\n\t\t\t\t\t<div class=\"e-con-inner\">\n\t\t\t\t\t<\/div>\n\t\t\t\t<\/div>\n\t\t<div class=\"elementor-element elementor-element-f0cff9a e-con-full e-flex e-con e-parent\" data-id=\"f0cff9a\" data-element_type=\"container\" data-settings=\"{&quot;_ha_eqh_enable&quot;:false}\">\n\t\t<div class=\"elementor-element elementor-element-ab9868b e-con-full e-flex e-con e-child\" data-id=\"ab9868b\" data-element_type=\"container\" data-settings=\"{&quot;sticky&quot;:&quot;top&quot;,&quot;_ha_eqh_enable&quot;:false,&quot;sticky_on&quot;:[&quot;desktop&quot;,&quot;tablet&quot;,&quot;mobile&quot;],&quot;sticky_offset&quot;:0,&quot;sticky_effects_offset&quot;:0,&quot;sticky_anchor_link_offset&quot;:0}\">\n\t\t\t\t<div class=\"elementor-element elementor-element-654a267 elementor-align-right elementor-icon-list--layout-traditional elementor-list-item-link-full_width elementor-widget elementor-widget-icon-list\" data-id=\"654a267\" data-element_type=\"widget\" data-widget_type=\"icon-list.default\">\n\t\t\t\t<div class=\"elementor-widget-container\">\n\t\t\t\t\t\t\t<ul class=\"elementor-icon-list-items\">\n\t\t\t\t\t\t\t<li class=\"elementor-icon-list-item\">\n\t\t\t\t\t\t\t\t\t\t\t<a href=\"https:\/\/ubpbo.net\/procamqui\/informacion-de-gestion\/memoria-institucional\/\">\n\n\t\t\t\t\t\t\t\t\t\t\t<span class=\"elementor-icon-list-text\">Memoria Institucional<\/span>\n\t\t\t\t\t\t\t\t\t\t\t<\/a>\n\t\t\t\t\t\t\t\t\t<\/li>\n\t\t\t\t\t\t\t\t<li class=\"elementor-icon-list-item\">\n\t\t\t\t\t\t\t\t\t\t\t<a href=\"https:\/\/ubpbo.net\/procamqui\/informacion-de-gestion\/banco-de-trabajos-investigativos\/\">\n\n\t\t\t\t\t\t\t\t\t\t\t<span class=\"elementor-icon-list-text\">Banco de Trabajos Investigativos<\/span>\n\t\t\t\t\t\t\t\t\t\t\t<\/a>\n\t\t\t\t\t\t\t\t\t<\/li>\n\t\t\t\t\t\t\t\t<li class=\"elementor-icon-list-item\">\n\t\t\t\t\t\t\t\t\t\t\t<a href=\"https:\/\/ubpbo.net\/procamqui\/informacion-de-gestion\/informes-viajes-al-exterior\/\">\n\n\t\t\t\t\t\t\t\t\t\t\t<span class=\"elementor-icon-list-text\">Informes Viajes al Exterior<\/span>\n\t\t\t\t\t\t\t\t\t\t\t<\/a>\n\t\t\t\t\t\t\t\t\t<\/li>\n\t\t\t\t\t\t\t\t<li class=\"elementor-icon-list-item\">\n\t\t\t\t\t\t\t\t\t\t\t<a href=\"https:\/\/ubpbo.net\/procamqui\/informacion-de-gestion\/medios-disponibles-para-acceso-a-la-informacion\/\">\n\n\t\t\t\t\t\t\t\t\t\t\t<span class=\"elementor-icon-list-text\">Medios Disponibles para Accesos a la Informaci\u00f3n<\/span>\n\t\t\t\t\t\t\t\t\t\t\t<\/a>\n\t\t\t\t\t\t\t\t\t<\/li>\n\t\t\t\t\t\t\t\t<li class=\"elementor-icon-list-item\">\n\t\t\t\t\t\t\t\t\t\t\t<a href=\"https:\/\/ubpbo.net\/procamqui\/informacion-de-gestion\/informacion-estadistica-bienes-y-servicios\/\">\n\n\t\t\t\t\t\t\t\t\t\t\t<span class=\"elementor-icon-list-text\">Informaci\u00f3n Estad\u00edstica Bienes y Servicios<\/span>\n\t\t\t\t\t\t\t\t\t\t\t<\/a>\n\t\t\t\t\t\t\t\t\t<\/li>\n\t\t\t\t\t\t<\/ul>\n\t\t\t\t\t\t<\/div>\n\t\t\t\t<\/div>\n\t\t\t\t<\/div>\n\t\t<div class=\"elementor-element elementor-element-6c0f234 e-con-full e-flex e-con e-child\" data-id=\"6c0f234\" data-element_type=\"container\" data-settings=\"{&quot;_ha_eqh_enable&quot;:false}\">\n\t\t\t\t<div class=\"elementor-element elementor-element-f5b095f elementor-widget elementor-widget-heading\" data-id=\"f5b095f\" data-element_type=\"widget\" data-widget_type=\"heading.default\">\n\t\t\t\t<div class=\"elementor-widget-container\">\n\t\t\t\t\t<h2 class=\"elementor-heading-title elementor-size-default\">Acceso a la Informaci\u00f3n<\/h2>\t\t\t\t<\/div>\n\t\t\t\t<\/div>\n\t\t\t\t<div class=\"elementor-element elementor-element-7159e1d elementor-widget-divider--view-line elementor-widget elementor-widget-divider\" data-id=\"7159e1d\" data-element_type=\"widget\" data-widget_type=\"divider.default\">\n\t\t\t\t<div class=\"elementor-widget-container\">\n\t\t\t\t\t\t\t<div class=\"elementor-divider\">\n\t\t\t<span class=\"elementor-divider-separator\">\n\t\t\t\t\t\t<\/span>\n\t\t<\/div>\n\t\t\t\t\t\t<\/div>\n\t\t\t\t<\/div>\n\t\t\t\t<div class=\"elementor-element elementor-element-5fba95b elementor-widget elementor-widget-heading\" data-id=\"5fba95b\" data-element_type=\"widget\" data-widget_type=\"heading.default\">\n\t\t\t\t<div class=\"elementor-widget-container\">\n\t\t\t\t\t<h2 class=\"elementor-heading-title elementor-size-default\">medios disponibles<\/h2>\t\t\t\t<\/div>\n\t\t\t\t<\/div>\n\t\t\t\t<div class=\"elementor-element elementor-element-ef39098 elementor-widget elementor-widget-text-editor\" data-id=\"ef39098\" data-element_type=\"widget\" data-widget_type=\"text-editor.default\">\n\t\t\t\t<div class=\"elementor-widget-container\">\n\t\t\t\t\t\t\t\t\t<p>En esta secci\u00f3n, se detallan los diversos medios a trav\u00e9s de los cuales PROCAMQUI pone a disposici\u00f3n del p\u00fablico la informaci\u00f3n relevante sobre nuestras actividades, proyectos y operaciones. Nos comprometemos a garantizar el acceso libre, transparente y oportuno a la informaci\u00f3n institucional, en cumplimiento con las normativas de transparencia y rendici\u00f3n de cuentas.<\/p><p>Los medios disponibles incluyen:<\/p><ul><li><strong>P\u00e1gina Web<\/strong>: Acceso a documentos oficiales, informes y actualizaciones.<\/li><li><strong>Redes Sociales<\/strong>: Canales de comunicaci\u00f3n directa para noticias y actualizaciones en tiempo real.<\/li><li><strong>Oficinas Centrales<\/strong>: Atenci\u00f3n personalizada para consultas y acceso a informaci\u00f3n espec\u00edfica.<\/li><li><strong>Correo Electr\u00f3nico<\/strong>: Canales de contacto para solicitudes de informaci\u00f3n o documentaci\u00f3n adicional.<\/li><li><strong>Publicaciones Impresas<\/strong>: Documentos y reportes que pueden ser solicitados en nuestras oficinas.<\/li><\/ul><p>\u00a0<\/p><p>Consulta esta secci\u00f3n para conocer las formas m\u00e1s convenientes de acceder a la informaci\u00f3n que necesites.<\/p>\t\t\t\t\t\t\t\t<\/div>\n\t\t\t\t<\/div>\n\t\t\t\t<\/div>\n\t\t\t\t<\/div>\n\t\t\t\t<\/div>\n\t\t","protected":false},"excerpt":{"rendered":"<p>Memoria Institucional Banco de Trabajos Investigativos Informes Viajes al Exterior Medios Disponibles para Accesos a la Informaci\u00f3n Informaci\u00f3n Estad\u00edstica Bienes y Servicios Acceso a la Informaci\u00f3n medios disponibles En esta secci\u00f3n, se detallan los diversos medios a trav\u00e9s de los cuales PROCAMQUI pone a disposici\u00f3n del p\u00fablico la informaci\u00f3n relevante sobre nuestras actividades, proyectos y [&hellip;]<\/p>\n","protected":false},"author":1,"featured_media":0,"parent":61,"menu_order":4,"comment_status":"closed","ping_status":"closed","template":"elementor_header_footer","meta":{"footnotes":""},"class_list":["post-69","page","type-page","status-publish","hentry"],"_links":{"self":[{"href":"https:\/\/ubpbo.net\/procamqui\/wp-json\/wp\/v2\/pages\/69","targetHints":{"allow":["GET"]}}],"collection":[{"href":"https:\/\/ubpbo.net\/procamqui\/wp-json\/wp\/v2\/pages"}],"about":[{"href":"https:\/\/ubpbo.net\/procamqui\/wp-json\/wp\/v2\/types\/page"}],"author":[{"embeddable":true,"href":"https:\/\/ubpbo.net\/procamqui\/wp-json\/wp\/v2\/users\/1"}],"replies":[{"embeddable":true,"href":"https:\/\/ubpbo.net\/procamqui\/wp-json\/wp\/v2\/comments?post=69"}],"version-history":[{"count":4,"href":"https:\/\/ubpbo.net\/procamqui\/wp-json\/wp\/v2\/pages\/69\/revisions"}],"predecessor-version":[{"id":366,"href":"https:\/\/ubpbo.net\/procamqui\/wp-json\/wp\/v2\/pages\/69\/revisions\/366"}],"up":[{"embeddable":true,"href":"https:\/\/ubpbo.net\/procamqui\/wp-json\/wp\/v2\/pages\/61"}],"wp:attachment":[{"href":"https:\/\/ubpbo.net\/procamqui\/wp-json\/wp\/v2\/media?parent=69"}],"curies":[{"name":"wp","href":"https:\/\/api.w.org\/{rel}","templated":true}]}}